llions digit of 39452715?
3
What is the tens digit of 468042?
4
What is the tens digit of 36655793?
9
What is the millions digit of 10642007?
0
What is the thousands digit of 1582503?
2
What is the thousands digit of 993455?
3
What is the units digit of 4563228?
8
What is the thousands digit of 228026?
8
What is the ten thousands digit of 436524?
3
What is the units digit of 74636?
6
What is the millions digit of 1442358?
1
What is the millions digit of 2915451?
2
What is the tens digit of 3009019?
1
What is the hundreds digit of 3285371?
3
What is the ten millions digit of 22820184?
2
What is the hundred thousands digit of 25359337?
3
What is the tens digit of 25084661?
6
What is the thousands digit of 1244220?
4
What is the units digit of 833950?
0
What is the hundred thousands digit of 4761217?
7
What is the hundreds digit of 396946?
9
What is the tens digit of 1733840?
4
What is the tens digit of 89?
8
What is the units digit of 88959?
9
What is the tens digit of 2098783?
8
What is the millions digit of 5161421?
5
What is the tens digit of 965980?
8
What is the units digit of 511316?
6
What is the tens digit of 27145999?
9
What is the thousands digit of 350609?
0
What is the thousands digit of 181078?
1
What is the thousands digit of 944406?
4
What is the ten thousands digit of 20200141?
0
What is the hundreds digit of 782750?
7
What is the hundred thousands digit of 4343793?
3
What is the hundreds digit of 1212345?
3
What is the hundreds digit of 706563?
5
What is the hundreds digit of 4472057?
0
What is the thousands digit of 175036?
5
What is the millions digit of 1066286?
1
What is the ten thousands digit of 117699?
1
What is the hundred thousands digit of 477796?
4
What is the tens digit of 578731?
3
What is the thousands digit of 6956516?
6
What is the thousands digit of 309402?
9
What is the ten thousands digit of 111658?
1
What is the ten millions digit of 30596880?
3
What is the hundreds digit of 9424530?
5
What is the thousands digit of 407043?
7
What is the millions digit of 1381847?
1
What is the thousands digit of 13119?
3
What is the hundred thousands digit of 9003637?
0
What is the hundred thousands digit of 404916?
4
What is the hundreds digit of 176735?
7
What is the ten thousands digit of 803225?
0
What is the ten thousands digit of 631741?
3
What is the tens digit of 2086317?
1
What is the units digit of 232645?
5
What is the hundreds digit of 2057819?
8
What is the units digit of 1539603?
3
What is the units digit of 15059480?
0
What is the hundreds digit of 16516925?
9
What is the ten millions digit of 19988611?
1
What is the thousands digit of 464658?
4
What is the ten thousands digit of 185698?
8
What is the ten thousands digit of 1081887?
8
What is the tens digit of 235709?
0
What is the hundreds digit of 2035960?
9
What is the thousands digit of 190112?
0
What is the tens digit of 1400654?
5
What is the ten thousands digit of 7189551?
8
What is the ten thousands digit of 4494509?
9
What is the tens digit of 2377602?
0
What is the hundred thousands digit of 5625197?
6
What is the tens digit of 577602?
0
What is the units digit of 15141642?
2
What is the ten thousands digit of 351103?
5
What is the ten thousands digit of 1518031?
1
What is the ten thousands digit of 89076?
8
What is the hundred thousands digit of 18509043?
5
What is the units digit of 25126553?
3
What is the ten thousands digit of 94178?
9
What is the hundred thousands digit of 2698283?
6
What is the hundreds digit of 24682237?
2
What is the tens digit of 7957?
5
What is the thousands digit of 4168308?
8
What is the hundreds digit of 7518271?
2
What is the ten thousands digit of 13267146?
6
What is the hundred thousands digit of 219443?
2
What is the hundred thousands digit of 129637?
1
What is the hundred thousands digit of 5528245?
5
What is the hundreds digit of 4160808?
8
What is the ten thousands digit of 624054?
2
What is the thousands digit of 1117510?
7
What is the hundred thousands digit of 4190882?
1
What is the hundreds digit of 3241180?
1
What is the ten thousands digit of 1948798?
4
What is the units digit of 872769?
9
What is the units digit of 1692026?
6
What is the tens digit of 28786?
8
What is the units digit of 158656?
6
What is the ten thousands digit of 2169073?
6
What is the ten thousands digit of 173849?
7
What is the hundred thousands digit of 535163?
5
What is the tens digit of 99095?
9
What is the ten thousands digit of 567178?
6
What is the thousands digit of 423146?
3
What is the millions digit of 14044989?
4
What is the thousands digit of 263168?
3
What is the thousands digit of 8147695?
7
What is the thousands digit of 311476?
1
What is the millions digit of 14961987?
4
What is the thousands digit of 1765245?
5
What is the thousands digit of 6717147?
7
What is the hundreds digit of 192605?
6
What is the tens digit of 282716?
1
What is the thousands digit of 7527229?
7
What is the ten thousands digit of 1482890?
8
What is the millions digit of 4633947?
4
What is the tens digit of 17932768?
6
What is the millions digit of 3447259?
3
What is the thousands digit of 22775330?
5
What is the thousands digit of 40245?
0
What is the millions digit of 1970025?
1
What is the tens digit of 954714?
1
What is the thousands digit of 103429?
3
What is the ten thousands digit of 82925?
8
What is the thousands digit of 173587?
3
What is the hundred thousands digit of 1347206?
3
What is the thousands digit of 293822?
3
What is the thousands digit of 787186?
7
What is the thousands digit of 150280?
0
What is the units digit of 6149415?
5
What is the tens digit of 82407?
0
What is the hundreds digit of 84316?
3
What is the tens digit of 14307861?
6
What is the thousands digit of 1842534?
2
What is the tens digit of 50470?
7
What is the thousands digit of 12814576?
4
What is the thousands digit of 361725?
1
What is the hundreds digit of 712932?
9
What is the tens digit of 759287?
8
What is the ten thousands digit of 425939?
2
What is the tens digit of 7738365?
6
What is the ten thousands digit of 1346003?
4
What is the tens digit of 7766886?
8
What is the ten thousands digit of 521563?
2
What is the millions digit of 1944390?
1
What is the tens digit of 5473153?
5
What is the hundreds digit of 856942?
9
What is the millions digit of 4495413?
4
What is the millions digit of 1705523?
1
What is the tens digit of 356120?
2
What is the thousands digit of 798046?
8
What is the hundred thousands digit of 16303775?
3
What is the tens digit of 5904261?
6
What is the tens digit of 1761227?
2
What is the hundreds digit of 28598?
5
What is the hundred thousands digit of 8393392?
3
What is the hundred thousands digit of 114205?
1
What is the units digit of 1870197?
7
What is the ten thousands digit of 92452?
9
What is the units digit of 33087?
7
What is the ten thousands digit of 5059188?
5
What is the hundred thousands digit of 1216622?
2
What is the tens digit of 104067?
6
What is the hundred thousands digit of 18835928?
8
What is the ten millions digit of 10883998?
1
What is the hundreds digit of 3793848?
8
What is the hundred thousands digit of 787676?
7
What is the millions digit of 2414807?
2
What is the hundreds digit of 2045214?
2
What is the hundred thousands digit of 7137815?
1
What is the tens digit of 192253?
5
What is the hundreds digit of 328887?
8
What is the thousands digit of 5712205?
2
What is the hundreds digit of 26282487?
4
What is the units digit of 43351?
1
What is the units digit of 4435697?
7
What is the units digit of 427292?
2
What is the millions digit of 1539615?
1
What is the tens digit of 310043?
4
What is the ten thousands digit of 279993?
7
What is the ten thousands digit of 689472?
8
What is the units digit of 1401013?
3
What is the hundred thousands digit of 161061?
1
What is the tens digit of 1816804?
0
What is the hundreds digit of 189439?
4
What is the units digit of 330412?
2
What is the thousands digit of 9362171?
2
What is the thousands digit of 7034360?
4
What is the thousands digit of 319033?
9
What is the units digit of 917563?
3
What is the units digit of 82661?
1
What is the tens digit of 122404?
0
What is the units digit of 6824701?
1
What is the tens digit of 191246?
4
What is the ten thousands digit of